-3*m + 49, u*r = 2*m - 38. List the prime factors of m.
3, 7
Let v(m) = 2*m**2 + 12*m + 10. List the prime factors of v(-9).
2
Suppose 3*j + 132 = 6*j. List the prime factors of j.
2, 11
Let h(x) = x**2 + 4*x + 8. List the prime factors of h(-4).
2
Suppose 5*k = -3*b + 21, 2*k - b = -0*k + 4. Suppose -k*a + 2*x + 132 = 0, 4*x + 106 = 4*a - 70. What are the prime factors of a?
2, 11
Suppose -b = 21 - 50. What are the prime factors of b?
29
Suppose 0 = 2*v + v + 12. Let j(h) = -2*h - 4*h**2 - 4 + 5*h**2 - 1. What are the prime factors of j(v)?
19
Suppose -16*i - 445 = -21*i. List the prime factors of i.
89
Let g be -1 + 3 + (3 - 5). Suppose -4*z + 5*q + 89 = g, -4*q - 3 = 2*z - 15. Suppose -c + z = 3*c. List the prime factors of c.
2
Suppose -7*x + 2*x + 5 = 0. What are the prime factors of x + (9 - -3)/2?
7
Suppose 4*u - 305 = g, -157 = -2*u + 4*g + g. List the prime factors of u.
2, 19
Suppose 0*z - z + 2 = 0. Suppose 3*m - 3*r = 54, -4*m - z*r = -17 - 61. What are the prime factors of m?
19
What are the prime factors of (6 - 8)/(2/(-101))?
101
Let r(d) be the first derivative of 3*d**2 + 3*d - 1. Let p be r(-2). Let k = 17 + p. List the prime factors of k.
2
Let d(c) = -c**2 - c + 20. Let y be d(0). Suppose -5*x + y = -x. Suppose x*r - 16 = 9. What are the prime factors of r?
5
Let w(j) = j**2 - j - 2. Let v(p) = -p + 1. Let o be v(-5). Suppose t = -t - o. What are the prime factors of w(t)?
2, 5
Suppose -5*o + 5*a - 162 = -6*o, 5*o + 2*a = 902. List the prime factors of o.
2, 7, 13
Let p(i) = -i**3 - 13*i**2 - 37*i - 8. List the prime factors of p(-12).
2, 73
Suppose -s = -0*s - 4. Let o = 8 - s. What are the prime factors of 2/1*10/o?
5
Let g be 8/6*(10 - -23). Let w = g + -9. List the prime factors of w.
5, 7
Suppose -5*f + 4*z + 65 = 0, -f + 5*f - 4*z - 56 = 0. Let x(l) = -l**3 - l**2 + 4*l + 3. Let m be x(-2). Let a = f - m. List the prime factors of a.
2, 5
Let f(d) = -d**2 - 9*d + 3. What are the prime factors of f(-8)?
11
Let a(i) = 2*i**3 - 50*i**2 + 52*i + 3. What are the prime factors of a(24)?
3, 11
Let g(m) = -11*m - 5. Let o be g(-4). Let k = 0 + o. Suppose 4*w = -2*v + 44, 0*w - 3*w + k = 2*v. What are the prime factors of v?
2, 3
Let f(d) = 18*d**3 - d**2 + 2*d - 1. Let v be f(1). Suppose -2*t = -3*t + v. Suppose -2*m = -4 - t. What are the prime factors of m?
11
What are the prime factors of (-2)/((-7 + 4)/75)?
2, 5
Let q(c) = 1 + 3*c + 1 + c**3 + 2 - 4*c**2. Let j be q(3). What are the prime factors of 2 + j/((-4)/(-5))?
7
Let v(q) = -q**2 - 18. Let p be v(0). Suppose 5 = -2*k - 11. Let u = k - p. List the prime factors of u.
2, 5
Let t(r) = r**3 + 20*r**2 + 11*r + 4. What are the prime factors of t(-19)?
2, 3, 13
Let q(x) be the third derivative of -5*x**4/12 - 2*x**2. Let h be q(-3). Suppose 15 = 5*v - h. List the prime factors of v.
3
Suppose 3*r + 99 = 351. List the prime factors of r.
2, 3, 7
Let a = 2 - -4. Suppose 3*b - a = 57. List the prime factors of b.
3, 7
Let r(x) = x + 33. Let c = 8 + -8. What are the prime factors of r(c)?
3, 11
Let v = -40 + 67. List the prime factors of v.
3
Let h be 0/(0 + (-5 - -3)). Suppose 0 = -5*i - h*i + 30. What are the prime factors of i?
2, 3
What are the prime factors of 9/(-15) - 256/(-10)?
5
Suppose 27*g = 26*g + 85. List the prime factors of g.
5, 17
Let u = 21 + -2. Suppose -j + u = -14. Suppose -4*r = -r - j. List the prime factors of r.
11
Let k(h) = -h**2 + 5*h + 4. Let g be k(6). List the prime factors of (-68)/12*(-1 + g).
17
What are the prime factors of (-19725)/(-100) + 2/(-8)?
197
Let g be (-8)/(-6)*(3 - 6). Let l = 15 - g. What are the prime factors of l?
19
Let p = -179 - -351. List the prime factors of p.
2, 43
Suppose t - 25 = 148. What are the prime factors of t?
173
Let w be (10/8)/((-1)/(-4)). Suppose w*v + 35 = 5*d, -5*d + 0*v - 3*v = -19. Suppose -3*a + d = -4. List the prime factors of a.
3
Suppose -4*p - 2 = 2. Let c(u) = 36*u**2 - 1. Let i be c(p). Suppose -z - 4*z + i = 0. List the prime factors of z.
7
Let k = -4 + 7. Let h = k + 5. What are the prime factors of h?
2
Let s be (0 - -2)*2/4. Let p = 10 - s. What are the prime factors of p?
3
Suppose -1 - 5 = 3*o, 2*l + o - 294 = 0. List the prime factors of l.
2, 37
Suppose -3*f + 0 + 3 = 0. Let p(a) be the first derivative of 5*a**2 - a - 2. What are the prime factors of p(f)?
3
Suppose -29 = -5*b + 16. What are the prime factors of 4/18 + 277/b?
31
Let h be (-3 - (-4)/2)*0. Suppose h = f - 4*f + 30. Let r = 25 - f. List the prime factors of r.
3, 5
Suppose 6*t - 60 = 2*t. Suppose -4*x - t = -9*x. Suppose -42 = -x*l - 0*l. List the prime factors of l.
2, 7
Let k = 148 + -86. Suppose -3*q + 76 = -k. List the prime factors of q.
2, 23
Suppose 0*h + 1 = h. Suppose 28 = 3*q + h. What are the prime factors of q?
3
List the prime factors of -6 + 6 - (-45 + -1).
2, 23
Let l be (3 - -11)*5/2. Let z = l + -18. What are the prime factors of z?
17
Let g = 8 - 0. Suppose -3*b = -g - 1. What are the prime factors of b?
3
Let z = 9 - 13. Let r = z + 4. Suppose 0 = -r*i - i + 2. What are the prime factors of i?
2
Suppose -229 = -11*i + 10*i. What are the prime factors of i?
229
Suppose 5*n - 34 = -4*j, 0*n + 13 = 3*n - 5*j. Let p be (2 - 3/n)*2. Suppose p*w - 5*k - 20 = 2*w, k - 12 = -3*w. List the prime factors of w.
5
List the prime factors of (-2148)/(-54) - 2/(-9).
2, 5
Let v(h) be the second derivative of h**5/20 + 3*h**4/4 + 17*h**2/2 + 2*h. What are the prime factors of v(-9)?
17
Let q(d) = -d**3 - 7*d**2 - 10*d - 15. List the prime factors of q(-6).
3
Let j be (-59)/4 - 2/8. Suppose 3*g - 105 = -2*g. Let s = j + g. What are the prime factors of s?
2, 3
List the prime factors of (-3)/(1 + (-124)/120).
2, 3, 5
Let h(f) = f**3 + 12*f**2 - 2*f + 2. What are the prime factors of h(-12)?
2, 13
Suppose -4*c + 60 + 548 = 0. List the prime factors of c.
2, 19
Let l(n) = 2*n**2 + 5*n + 2. Let j(d) = -d**3 - 4*d**2 + d. Let f be j(-4). List the prime factors of l(f).
2, 7
Let n(a) be the third derivative of -a**7/2520 - a**6/720 + a**5/10 + a**4/12 + a**2. Let l(c) be the second derivative of n(c). List the prime factors of l(0).
2, 3
Let y(z) = z - 3. Let u be y(8). Suppose 0 = -u*k - 21 + 61. List the prime factors of (2 - -4)*4/k.
3
List the prime factors of (-2)/4 - 376/(-16).
23
Let l(r) = r + 30. Let t be l(0). Let k = 67 - t. List the prime factors of k.
37
Let a(u) = u**2 + 2*u + 3. Let k be a(-2). Suppose 0 = v - k*v + 42. What are the prime factors of v?
3, 7
Suppose 39 = -6*x + 3*x + 3*b, 2 = -2*b. List the prime factors of 2/(-7) - 46/x.
3
Suppose -3*q + 3*j = 75, 0 = -4*q + 3*q - 5*j - 13. Let d = 5 - q. What are the prime factors of d?
2, 7
Suppose 0 = 3*r - 4*r + 25. List the prime factors of r.
5
Let y(m) = m - 5. Suppose 0 = q - 0*q - 3. Suppose 0 = -5*l + 2*v + 57, 0*v + 25 = 2*l - q*v. What are the prime factors of y(l)?
2, 3
Let l(a) = 10*a. Let y(r) = -r - 1. Let b(p) = -l(p) - 3*y(p). Let g be b(-6). Suppose 15 = -3*m + g. List the prime factors of m.
2, 5
Let x(w) = w**2 + 5*w + 35. List the prime factors of x(-15).
5, 37
Let y(g) be the first derivative of g**2/2 - 1. Let k be y(1). Let v = k + 1. List the prime factors of v.
2
Let a(z) = -51*z + 70. List the prime factors of a(-4).
2, 137
Let v be (-1 + -1 - -2)/(-2). Suppose v = 3*r - 32 - 28. What are the prime factors of (-4)/(-2)*r/8?
5
Let o = 6 + -6. Suppose 8 = -0*v - v - 3*h, -2*v - 4*h - 8 = o. What are the prime factors of v?
2
Suppose -4*d = -8*d + 8. Suppose -15 = -3*y - 2*s, 3*y - 1 - d = 2*s. List the prime factors of y.
3
Let o = 48 + -12. List the prime factors of o.
2, 3
Let g = -81 + 300. What are the prime factors of g?
3, 73
Suppose -2 + 4 = 2*i. Let q = 2 + i. What are the prime factors of q?
3
Suppose i + 1 = 5. Suppose -i*o - 3*j - 9 = 0, 2*j + j + 9 = 4*o. Suppose o = v - 4. List the prime factors of v.
2
Suppose -3*d = -2*d - 4. Suppose 0*f - d*f = -20. Suppose 1 = p - f. What are the prime factors of p?
2, 3
Let a(l) = -l + 6. Let u be a(3). Suppose i - 116 = -u*i. List the prime factors of i.
29
Let j = 2 - -3. Let n be (19/(-1))/(4 - j). Suppose n + 31 = 5*h. List the prime factors of h.
2, 5
Let h = 11 - 6. What are the prime factors of (2 - h)*1 - -14?
11
Let r = -19 + 30. List the prime factors of r.
11
Suppose -2